{"id":1685,"date":"2022-06-29T13:46:08","date_gmt":"2022-06-29T13:46:08","guid":{"rendered":"http:\/\/planetaries.cat\/projectes\/time-use-week\/"},"modified":"2023-04-05T14:00:01","modified_gmt":"2023-04-05T14:00:01","slug":"time-use-week","status":"publish","type":"projectes","link":"https:\/\/planetaries.cat\/es\/proyectos\/time-use-week\/","title":{"rendered":"Time Use Week &#8211; Congreso Internacional"},"content":{"rendered":"\t\t<div data-elementor-type=\"wp-post\" data-elementor-id=\"1685\" class=\"elementor elementor-1685 elementor-573\">\n\t\t\t\t\t\t<section class=\"elementor-section elementor-top-section elementor-element elementor-element-791df1f4 elementor-section-boxed elementor-section-height-default elementor-section-height-default\" data-id=\"791df1f4\" data-element_type=\"section\" data-e-type=\"section\">\n\t\t\t\t\t\t<div class=\"elementor-container elementor-column-gap-default\">\n\t\t\t\t\t<div class=\"elementor-column elementor-col-100 elementor-top-column elementor-element elementor-element-21b9d3d3\" data-id=\"21b9d3d3\" data-element_type=\"column\" data-e-type=\"column\">\n\t\t\t<div class=\"elementor-widget-wrap elementor-element-populated\">\n\t\t\t\t\t\t<div class=\"elementor-element elementor-element-bcb8519 elementor-widget elementor-widget-text-editor\" data-id=\"bcb8519\" data-element_type=\"widget\" data-e-type=\"widget\" data-widget_type=\"text-editor.default\">\n\t\t\t\t<div class=\"elementor-widget-container\">\n\t\t\t\t\t\t\t\t\t<h2 style=\"text-align: center;\">Con m\u00e1s de 5 d\u00edas de Congreso y unas 3000 personas en l\u00ednea en todo el planeta el congreso del <strong>Time Use WEEK<\/strong> fue un aut\u00e9ntico reto tecnol\u00f3gico.<\/h2><h2 style=\"text-align: center;\"><strong>Desarrollo de la plataforma de registro<\/strong> a dos tipos de usuarios con pago en l\u00ednea, con acceso pre, durante y post congreso por Updates y visualizaci\u00f3n Ondemand de las diferentes c\u00e1psulas generadas.<\/h2><h2 style=\"text-align: center;\"><strong>Sistema de traducci\u00f3n simult\u00e1nea<\/strong> en directo a trav\u00e9s de la misma plataforma de desarrollo propio.<\/h2><h2 style=\"text-align: center;\">Y sobre todo <strong>mantener el rigor y atenci\u00f3n durante m\u00e1s de 10 horas<\/strong> en el d\u00eda 5 d\u00edas seguidos, hizo que el proyecto se dimensionara en equipos de trabajo escalables y coordinados para hacer gesti\u00f3n del tiempo y de recursos.<\/h2>\t\t\t\t\t\t\t\t<\/div>\n\t\t\t\t<\/div>\n\t\t\t\t<div class=\"elementor-element elementor-element-bdcede3 elementor-widget elementor-widget-text-editor\" data-id=\"bdcede3\" data-element_type=\"widget\" data-e-type=\"widget\" data-widget_type=\"text-editor.default\">\n\t\t\t\t<div class=\"elementor-widget-container\">\n\t\t\t\t\t\t\t\t\t<p>Catal\u00e0<\/p>\n<div style=\"padding: 56.25% 0 0 0; position: relative;\"><iframe style=\"position: absolute; top: 0; left: 0; width: 100%; height: 100%;\" title=\"Time Use Week - Local and Regional Time Agenda (Catal&amp;agrave;)\" src=\"https:\/\/player.vimeo.com\/video\/719027331?h=4518f52e2f&amp;badge=0&amp;autopause=0&amp;player_id=0&amp;app_id=58479\" frameborder=\"0\" allowfullscreen=\"allowfullscreen\" data-ready=\"true\"><\/iframe><\/div>\n<p><script src=\"https:\/\/player.vimeo.com\/api\/player.js\"><\/script><\/p>\n<p><br><\/p><p>Angl\u00e8s<\/p>\n<div style=\"padding: 56.25% 0 0 0; position: relative;\"><iframe style=\"position: absolute; top: 0; left: 0; width: 100%; height: 100%;\" title=\"Time Use Week - Local and Regional Time Agenda (English)\" src=\"https:\/\/player.vimeo.com\/video\/719015729?h=5d68da0973&amp;badge=0&amp;autopause=0&amp;player_id=0&amp;app_id=58479\" frameborder=\"0\" allowfullscreen=\"allowfullscreen\" data-ready=\"true\"><\/iframe><\/div>\n<p><script src=\"https:\/\/player.vimeo.com\/api\/player.js\"><\/script><\/p>\n<p><br><\/p><p>Original<\/p>\n<div style=\"padding: 56.25% 0 0 0; position: relative;\"><iframe style=\"position: absolute; top: 0; left: 0; width: 100%; height: 100%;\" title=\"Time Use Week - Local and Regional Time Agenda\" src=\"https:\/\/player.vimeo.com\/video\/718744900?h=47c2074b9f&amp;badge=0&amp;autopause=0&amp;player_id=0&amp;app_id=58479\" frameborder=\"0\" allowfullscreen=\"allowfullscreen\" data-ready=\"true\"><\/iframe><\/div>\n<p><script src=\"https:\/\/player.vimeo.com\/api\/player.js\"><\/script><\/p>\t\t\t\t\t\t\t\t<\/div>\n\t\t\t\t<\/div>\n\t\t\t\t\t<\/div>\n\t\t<\/div>\n\t\t\t\t\t<\/div>\n\t\t<\/section>\n\t\t\t\t<\/div>\n\t\t","protected":false},"template":"","familia":[31],"class_list":["post-1685","projectes","type-projectes","status-publish","hentry","familia-streamings-i-congressos"],"acf":[],"yoast_head":"<!-- This site is optimized with the Yoast SEO plugin v27.3 - https:\/\/yoast.com\/product\/yoast-seo-wordpress\/ -->\n<title>Time Use Week - Congreso Internacional - Produccions Planet\u00e0ries<\/title>\n<meta name=\"robots\" content=\"index, follow, max-snippet:-1, max-image-preview:large, max-video-preview:-1\" \/>\n<link rel=\"canonical\" href=\"https:\/\/planetaries.cat\/es\/proyectos\/time-use-week\/\" \/>\n<meta property=\"og:locale\" content=\"es_ES\" \/>\n<meta property=\"og:type\" content=\"article\" \/>\n<meta property=\"og:title\" content=\"Time Use Week - Congreso Internacional - Produccions Planet\u00e0ries\" \/>\n<meta property=\"og:description\" content=\"Catal\u00e0 Angl\u00e8s Original\" \/>\n<meta property=\"og:url\" content=\"https:\/\/planetaries.cat\/es\/proyectos\/time-use-week\/\" \/>\n<meta property=\"og:site_name\" content=\"Produccions Planet\u00e0ries\" \/>\n<meta property=\"article:modified_time\" content=\"2023-04-05T14:00:01+00:00\" \/>\n<meta name=\"twitter:card\" content=\"summary_large_image\" \/>\n<meta name=\"twitter:label1\" content=\"Tiempo de lectura\" \/>\n\t<meta name=\"twitter:data1\" content=\"1 minuto\" \/>\n<script type=\"application\/ld+json\" class=\"yoast-schema-graph\">{\"@context\":\"https:\\\/\\\/schema.org\",\"@graph\":[{\"@type\":\"WebPage\",\"@id\":\"https:\\\/\\\/planetaries.cat\\\/es\\\/proyectos\\\/time-use-week\\\/\",\"url\":\"https:\\\/\\\/planetaries.cat\\\/es\\\/proyectos\\\/time-use-week\\\/\",\"name\":\"Time Use Week - Congreso Internacional - Produccions Planet\u00e0ries\",\"isPartOf\":{\"@id\":\"https:\\\/\\\/planetaries.cat\\\/es\\\/#website\"},\"datePublished\":\"2022-06-29T13:46:08+00:00\",\"dateModified\":\"2023-04-05T14:00:01+00:00\",\"breadcrumb\":{\"@id\":\"https:\\\/\\\/planetaries.cat\\\/es\\\/proyectos\\\/time-use-week\\\/#breadcrumb\"},\"inLanguage\":\"es\",\"potentialAction\":[{\"@type\":\"ReadAction\",\"target\":[\"https:\\\/\\\/planetaries.cat\\\/es\\\/proyectos\\\/time-use-week\\\/\"]}]},{\"@type\":\"BreadcrumbList\",\"@id\":\"https:\\\/\\\/planetaries.cat\\\/es\\\/proyectos\\\/time-use-week\\\/#breadcrumb\",\"itemListElement\":[{\"@type\":\"ListItem\",\"position\":1,\"name\":\"Inici\",\"item\":\"http:\\\/\\\/planetaries.cat\\\/es\\\/\"},{\"@type\":\"ListItem\",\"position\":2,\"name\":\"Proyectos\",\"item\":\"https:\\\/\\\/planetaries.cat\\\/es\\\/proyectos\\\/\"},{\"@type\":\"ListItem\",\"position\":3,\"name\":\"Time Use Week &#8211; Congreso Internacional\"}]},{\"@type\":\"WebSite\",\"@id\":\"https:\\\/\\\/planetaries.cat\\\/es\\\/#website\",\"url\":\"https:\\\/\\\/planetaries.cat\\\/es\\\/\",\"name\":\"Produccions Planet\u00e0ries\",\"description\":\"Comunicaci\u00f3 Audiovisual\",\"publisher\":{\"@id\":\"https:\\\/\\\/planetaries.cat\\\/es\\\/#organization\"},\"potentialAction\":[{\"@type\":\"SearchAction\",\"target\":{\"@type\":\"EntryPoint\",\"urlTemplate\":\"https:\\\/\\\/planetaries.cat\\\/es\\\/?s={search_term_string}\"},\"query-input\":{\"@type\":\"PropertyValueSpecification\",\"valueRequired\":true,\"valueName\":\"search_term_string\"}}],\"inLanguage\":\"es\"},{\"@type\":\"Organization\",\"@id\":\"https:\\\/\\\/planetaries.cat\\\/es\\\/#organization\",\"name\":\"Produccions Planet\u00e0ries\",\"url\":\"https:\\\/\\\/planetaries.cat\\\/es\\\/\",\"logo\":{\"@type\":\"ImageObject\",\"inLanguage\":\"es\",\"@id\":\"https:\\\/\\\/planetaries.cat\\\/es\\\/#\\\/schema\\\/logo\\\/image\\\/\",\"url\":\"http:\\\/\\\/planetaries.cat\\\/wp-content\\\/uploads\\\/2023\\\/01\\\/logo.gif\",\"contentUrl\":\"http:\\\/\\\/planetaries.cat\\\/wp-content\\\/uploads\\\/2023\\\/01\\\/logo.gif\",\"width\":550,\"height\":168,\"caption\":\"Produccions Planet\u00e0ries\"},\"image\":{\"@id\":\"https:\\\/\\\/planetaries.cat\\\/es\\\/#\\\/schema\\\/logo\\\/image\\\/\"}}]}<\/script>\n<!-- \/ Yoast SEO plugin. -->","yoast_head_json":{"title":"Time Use Week - Congreso Internacional - Produccions Planet\u00e0ries","robots":{"index":"index","follow":"follow","max-snippet":"max-snippet:-1","max-image-preview":"max-image-preview:large","max-video-preview":"max-video-preview:-1"},"canonical":"https:\/\/planetaries.cat\/es\/proyectos\/time-use-week\/","og_locale":"es_ES","og_type":"article","og_title":"Time Use Week - Congreso Internacional - Produccions Planet\u00e0ries","og_description":"Catal\u00e0 Angl\u00e8s Original","og_url":"https:\/\/planetaries.cat\/es\/proyectos\/time-use-week\/","og_site_name":"Produccions Planet\u00e0ries","article_modified_time":"2023-04-05T14:00:01+00:00","twitter_card":"summary_large_image","twitter_misc":{"Tiempo de lectura":"1 minuto"},"schema":{"@context":"https:\/\/schema.org","@graph":[{"@type":"WebPage","@id":"https:\/\/planetaries.cat\/es\/proyectos\/time-use-week\/","url":"https:\/\/planetaries.cat\/es\/proyectos\/time-use-week\/","name":"Time Use Week - Congreso Internacional - Produccions Planet\u00e0ries","isPartOf":{"@id":"https:\/\/planetaries.cat\/es\/#website"},"datePublished":"2022-06-29T13:46:08+00:00","dateModified":"2023-04-05T14:00:01+00:00","breadcrumb":{"@id":"https:\/\/planetaries.cat\/es\/proyectos\/time-use-week\/#breadcrumb"},"inLanguage":"es","potentialAction":[{"@type":"ReadAction","target":["https:\/\/planetaries.cat\/es\/proyectos\/time-use-week\/"]}]},{"@type":"BreadcrumbList","@id":"https:\/\/planetaries.cat\/es\/proyectos\/time-use-week\/#breadcrumb","itemListElement":[{"@type":"ListItem","position":1,"name":"Inici","item":"http:\/\/planetaries.cat\/es\/"},{"@type":"ListItem","position":2,"name":"Proyectos","item":"https:\/\/planetaries.cat\/es\/proyectos\/"},{"@type":"ListItem","position":3,"name":"Time Use Week &#8211; Congreso Internacional"}]},{"@type":"WebSite","@id":"https:\/\/planetaries.cat\/es\/#website","url":"https:\/\/planetaries.cat\/es\/","name":"Produccions Planet\u00e0ries","description":"Comunicaci\u00f3 Audiovisual","publisher":{"@id":"https:\/\/planetaries.cat\/es\/#organization"},"potentialAction":[{"@type":"SearchAction","target":{"@type":"EntryPoint","urlTemplate":"https:\/\/planetaries.cat\/es\/?s={search_term_string}"},"query-input":{"@type":"PropertyValueSpecification","valueRequired":true,"valueName":"search_term_string"}}],"inLanguage":"es"},{"@type":"Organization","@id":"https:\/\/planetaries.cat\/es\/#organization","name":"Produccions Planet\u00e0ries","url":"https:\/\/planetaries.cat\/es\/","logo":{"@type":"ImageObject","inLanguage":"es","@id":"https:\/\/planetaries.cat\/es\/#\/schema\/logo\/image\/","url":"http:\/\/planetaries.cat\/wp-content\/uploads\/2023\/01\/logo.gif","contentUrl":"http:\/\/planetaries.cat\/wp-content\/uploads\/2023\/01\/logo.gif","width":550,"height":168,"caption":"Produccions Planet\u00e0ries"},"image":{"@id":"https:\/\/planetaries.cat\/es\/#\/schema\/logo\/image\/"}}]}},"_links":{"self":[{"href":"https:\/\/planetaries.cat\/es\/wp-json\/wp\/v2\/projectes\/1685","targetHints":{"allow":["GET"]}}],"collection":[{"href":"https:\/\/planetaries.cat\/es\/wp-json\/wp\/v2\/projectes"}],"about":[{"href":"https:\/\/planetaries.cat\/es\/wp-json\/wp\/v2\/types\/projectes"}],"version-history":[{"count":11,"href":"https:\/\/planetaries.cat\/es\/wp-json\/wp\/v2\/projectes\/1685\/revisions"}],"predecessor-version":[{"id":3366,"href":"https:\/\/planetaries.cat\/es\/wp-json\/wp\/v2\/projectes\/1685\/revisions\/3366"}],"wp:attachment":[{"href":"https:\/\/planetaries.cat\/es\/wp-json\/wp\/v2\/media?parent=1685"}],"wp:term":[{"taxonomy":"familia","embeddable":true,"href":"https:\/\/planetaries.cat\/es\/wp-json\/wp\/v2\/familia?post=1685"}],"curies":[{"name":"wp","href":"https:\/\/api.w.org\/{rel}","templated":true}]}}

<div data-elementor-type="wp-post" data-elementor-id="1685" class="elementor elementor-1685 elementor-573">
						<section class="elementor-section elementor-top-section elementor-element elementor-element-791df1f4 elementor-section-boxed elementor-section-height-default elementor-section-height-default" data-id="791df1f4" data-element_type="section" data-e-type="section">
						<div class="elementor-container elementor-column-gap-default">
					<div class="elementor-column elementor-col-100 elementor-top-column elementor-element elementor-element-21b9d3d3" data-id="21b9d3d3" data-element_type="column" data-e-type="column">
			<div class="elementor-widget-wrap elementor-element-populated">
						<div class="elementor-element elementor-element-bcb8519 elementor-widget elementor-widget-text-editor" data-id="bcb8519" data-element_type="widget" data-e-type="widget" data-widget_type="text-editor.default">
				<div class="elementor-widget-container">
									<h2 style="text-align: center;">Con más de 5 días de Congreso y unas 3000 personas en línea en todo el planeta el congreso del <strong>Time Use WEEK</strong> fue un auténtico reto tecnológico.</h2><h2 style="text-align: center;"><strong>Desarrollo de la plataforma de registro</strong> a dos tipos de usuarios con pago en línea, con acceso pre, durante y post congreso por Updates y visualización Ondemand de las diferentes cápsulas generadas.</h2><h2 style="text-align: center;"><strong>Sistema de traducción simultánea</strong> en directo a través de la misma plataforma de desarrollo propio.</h2><h2 style="text-align: center;">Y sobre todo <strong>mantener el rigor y atención durante más de 10 horas</strong> en el día 5 días seguidos, hizo que el proyecto se dimensionara en equipos de trabajo escalables y coordinados para hacer gestión del tiempo y de recursos.</h2>								</div>
				</div>
				<div class="elementor-element elementor-element-bdcede3 elementor-widget elementor-widget-text-editor" data-id="bdcede3" data-element_type="widget" data-e-type="widget" data-widget_type="text-editor.default">
				<div class="elementor-widget-container">
									<p>Català</p>
<div style="padding: 56.25% 0 0 0; position: relative;"><iframe style="position: absolute; top: 0; left: 0; width: 100%; height: 100%;" title="Time Use Week - Local and Regional Time Agenda (Catal&amp;agrave;)" src="https://player.vimeo.com/video/719027331?h=4518f52e2f&amp;badge=0&amp;autopause=0&amp;player_id=0&amp;app_id=58479" frameborder="0" allowfullscreen="allowfullscreen" data-ready="true"></iframe></div>
<p><script src="https://player.vimeo.com/api/player.js"></script></p>
<p><br></p><p>Anglès</p>
<div style="padding: 56.25% 0 0 0; position: relative;"><iframe style="position: absolute; top: 0; left: 0; width: 100%; height: 100%;" title="Time Use Week - Local and Regional Time Agenda (English)" src="https://player.vimeo.com/video/719015729?h=5d68da0973&amp;badge=0&amp;autopause=0&amp;player_id=0&amp;app_id=58479" frameborder="0" allowfullscreen="allowfullscreen" data-ready="true"></iframe></div>
<p><script src="https://player.vimeo.com/api/player.js"></script></p>
<p><br></p><p>Original</p>
<div style="padding: 56.25% 0 0 0; position: relative;"><iframe style="position: absolute; top: 0; left: 0; width: 100%; height: 100%;" title="Time Use Week - Local and Regional Time Agenda" src="https://player.vimeo.com/video/718744900?h=47c2074b9f&amp;badge=0&amp;autopause=0&amp;player_id=0&amp;app_id=58479" frameborder="0" allowfullscreen="allowfullscreen" data-ready="true"></iframe></div>
<p><script src="https://player.vimeo.com/api/player.js"></script></p>								</div>
				</div>
					</div>
		</div>
					</div>
		</section>
				</div>

<!-- This site is optimized with the Yoast SEO plugin v27.3 - https://yoast.com/product/yoast-seo-wordpress/ -->
<title>Time Use Week - Congreso Internacional - Produccions Planetàries</title>
<meta name="robots" content="index, follow, max-snippet:-1, max-image-preview:large, max-video-preview:-1" />
<link rel="canonical" href="https://planetaries.cat/es/proyectos/time-use-week/" />
<meta property="og:locale" content="es_ES" />
<meta property="og:type" content="article" />
<meta property="og:title" content="Time Use Week - Congreso Internacional - Produccions Planetàries" />
<meta property="og:description" content="Català Anglès Original" />
<meta property="og:url" content="https://planetaries.cat/es/proyectos/time-use-week/" />
<meta property="og:site_name" content="Produccions Planetàries" />
<meta property="article:modified_time" content="2023-04-05T14:00:01+00:00" />
<meta name="twitter:card" content="summary_large_image" />
<meta name="twitter:label1" content="Tiempo de lectura" />
	<meta name="twitter:data1" content="1 minuto" />
<script type="application/ld+json" class="yoast-schema-graph">{"@context":"https:\/\/schema.org","@graph":[{"@type":"WebPage","@id":"https:\/\/planetaries.cat\/es\/proyectos\/time-use-week\/","url":"https:\/\/planetaries.cat\/es\/proyectos\/time-use-week\/","name":"Time Use Week - Congreso Internacional - Produccions Planetàries","isPartOf":{"@id":"https:\/\/planetaries.cat\/es\/#website"},"datePublished":"2022-06-29T13:46:08+00:00","dateModified":"2023-04-05T14:00:01+00:00","breadcrumb":{"@id":"https:\/\/planetaries.cat\/es\/proyectos\/time-use-week\/#breadcrumb"},"inLanguage":"es","potentialAction":[{"@type":"ReadAction","target":["https:\/\/planetaries.cat\/es\/proyectos\/time-use-week\/"]}]},{"@type":"BreadcrumbList","@id":"https:\/\/planetaries.cat\/es\/proyectos\/time-use-week\/#breadcrumb","itemListElement":[{"@type":"ListItem","position":1,"name":"Inici","item":"http:\/\/planetaries.cat\/es\/"},{"@type":"ListItem","position":2,"name":"Proyectos","item":"https:\/\/planetaries.cat\/es\/proyectos\/"},{"@type":"ListItem","position":3,"name":"Time Use Week &#8211; Congreso Internacional"}]},{"@type":"WebSite","@id":"https:\/\/planetaries.cat\/es\/#website","url":"https:\/\/planetaries.cat\/es\/","name":"Produccions Planetàries","description":"Comunicació Audiovisual","publisher":{"@id":"https:\/\/planetaries.cat\/es\/#organization"},"potentialAction":[{"@type":"SearchAction","target":{"@type":"EntryPoint","urlTemplate":"https:\/\/planetaries.cat\/es\/?s={search_term_string}"},"query-input":{"@type":"PropertyValueSpecification","valueRequired":true,"valueName":"search_term_string"}}],"inLanguage":"es"},{"@type":"Organization","@id":"https:\/\/planetaries.cat\/es\/#organization","name":"Produccions Planetàries","url":"https:\/\/planetaries.cat\/es\/","logo":{"@type":"ImageObject","inLanguage":"es","@id":"https:\/\/planetaries.cat\/es\/#\/schema\/logo\/image\/","url":"http:\/\/planetaries.cat\/wp-content\/uploads\/2023\/01\/logo.gif","contentUrl":"http:\/\/planetaries.cat\/wp-content\/uploads\/2023\/01\/logo.gif","width":550,"height":168,"caption":"Produccions Planetàries"},"image":{"@id":"https:\/\/planetaries.cat\/es\/#\/schema\/logo\/image\/"}}]}</script>
<!-- / Yoast SEO plugin. -->

Time Use Week - Congreso Internacional - Produccions Planetàries

Català Anglès Original

Produccions Planetàries

Comunicació Audiovisual
